{"id":191,"date":"2024-04-26T18:05:08","date_gmt":"2024-04-26T18:05:08","guid":{"rendered":"https:\/\/objective-mestorf.5-45-109-225.plesk.page\/?page_id=191"},"modified":"2024-04-29T10:34:08","modified_gmt":"2024-04-29T10:34:08","slug":"kontaktforumlar","status":"publish","type":"page","link":"https:\/\/blc-koenigsbronn.de\/index.php\/kontaktforumlar\/","title":{"rendered":"Kontaktforumlar"},"content":{"rendered":"\t\t<div data-elementor-type=\"wp-page\" data-elementor-id=\"191\" class=\"elementor elementor-191\">\n\t\t\t\t<div data-wpr-sticky-section=\"yes\" data-wpr-position-type=\"sticky\" data-wpr-position-offset=\"0\" data-wpr-position-location=\"top\" data-wpr-sticky-devices=\"tablet_sticky desktop_sticky\" data-wpr-custom-breakpoints=\"\" data-wpr-active-breakpoints=\"mobile_sticky tablet_sticky desktop_sticky\" data-wpr-z-index=\"5\" data-wpr-sticky-hide=\"\" data-wpr-replace-header=\"\" data-wpr-animation-duration=\"\" data-wpr-sticky-type=\"sticky\" class=\"elementor-element elementor-element-dd6c6a2 wpr-sticky-section-yes e-flex e-con-boxed wpr-particle-no wpr-jarallax-no wpr-parallax-no e-con e-parent\" data-id=\"dd6c6a2\" data-element_type=\"container\" data-settings=\"{&quot;background_background&quot;:&quot;classic&quot;,&quot;position_offset&quot;:0,&quot;position_offset_tablet&quot;:0,&quot;position_offset_mobile&quot;:0}\">\n\t\t\t\t\t<div class=\"e-con-inner\">\n\t\t<div class=\"elementor-element elementor-element-061bd70 e-con-full e-flex wpr-particle-no wpr-jarallax-no wpr-parallax-no wpr-sticky-section-no e-con e-child\" data-id=\"061bd70\" data-element_type=\"container\">\n\t\t\t\t<div class=\"elementor-element elementor-element-45213d0 elementor-widget elementor-widget-image\" data-id=\"45213d0\" data-element_type=\"widget\" data-widget_type=\"image.default\">\n\t\t\t\t<div class=\"elementor-widget-container\">\n\t\t\t\t\t\t\t\t\t\t\t\t\t\t\t\t<a href=\"http:\/\/blc-koenigsbronn.de\">\n\t\t\t\t\t\t\t<img decoding=\"async\" width=\"300\" height=\"114\" src=\"https:\/\/blc-koenigsbronn.de\/wp-content\/uploads\/2024\/04\/blc_logo-300x114.png\" class=\"attachment-medium size-medium wp-image-160\" alt=\"\" srcset=\"https:\/\/blc-koenigsbronn.de\/wp-content\/uploads\/2024\/04\/blc_logo-300x114.png 300w, https:\/\/blc-koenigsbronn.de\/wp-content\/uploads\/2024\/04\/blc_logo-1024x390.png 1024w, https:\/\/blc-koenigsbronn.de\/wp-content\/uploads\/2024\/04\/blc_logo-768x292.png 768w, https:\/\/blc-koenigsbronn.de\/wp-content\/uploads\/2024\/04\/blc_logo.png 1122w\" sizes=\"(max-width: 300px) 100vw, 300px\" \/>\t\t\t\t\t\t\t\t<\/a>\n\t\t\t\t\t\t\t\t\t\t\t\t\t\t\t<\/div>\n\t\t\t\t<\/div>\n\t\t\t\t<\/div>\n\t\t<div class=\"elementor-element elementor-element-af2c9f2 e-con-full e-flex wpr-particle-no wpr-jarallax-no wpr-parallax-no wpr-sticky-section-no e-con e-child\" data-id=\"af2c9f2\" data-element_type=\"container\">\n\t\t\t\t<div class=\"elementor-element elementor-element-eb33c2d wpr-main-menu-align-right wpr-main-menu-align--tabletright wpr-main-menu-align--mobilecenter wpr-nav-menu-bp-mobile wpr-pointer-underline wpr-pointer-line-fx wpr-pointer-fx-fade wpr-sub-icon-caret-down wpr-sub-menu-fx-fade wpr-mobile-menu-display-dropdown wpr-mobile-menu-full-width wpr-mobile-toggle-v1 wpr-sub-divider-yes wpr-mobile-divider-yes elementor-widget elementor-widget-wpr-mega-menu\" data-id=\"eb33c2d\" data-element_type=\"widget\" data-settings=\"{&quot;menu_layout&quot;:&quot;horizontal&quot;}\" data-widget_type=\"wpr-mega-menu.default\">\n\t\t\t\t<div class=\"elementor-widget-container\">\n\t\t\t\t\t<nav class=\"wpr-nav-menu-container wpr-mega-menu-container wpr-nav-menu-horizontal\" data-trigger=\"hover\"><ul id=\"menu-1-eb33c2d\" class=\"wpr-nav-menu wpr-mega-menu\"><li class=\"menu-item menu-item-type-post_type menu-item-object-page menu-item-home menu-item-625\"><a href=\"https:\/\/blc-koenigsbronn.de\/\" class=\"wpr-menu-item wpr-pointer-item\"><span>Startseite<\/span><\/a><\/li>\n<li class=\"menu-item menu-item-type-custom menu-item-object-custom menu-item-has-children menu-item-626\"><a href=\"#\" class=\"wpr-menu-item wpr-pointer-item\"><span>Kandidaten<\/span><i class=\"wpr-sub-icon fas\" aria-hidden=\"true\"><\/i><\/a>\n<ul  class=\"sub-menu wpr-sub-menu\">\n\t<li class=\"menu-item menu-item-type-custom menu-item-object-custom menu-item-home menu-item-627\"><a href=\"https:\/\/blc-koenigsbronn.de\/#Koenigsbronn\" class=\"wpr-sub-menu-item\"><span>K\u00f6nigsbronn<\/span><\/a>\t<li class=\"menu-item menu-item-type-custom menu-item-object-custom menu-item-home menu-item-631\"><a href=\"https:\/\/blc-koenigsbronn.de\/#Itzelberg\" class=\"wpr-sub-menu-item\"><span>Itzelberg<\/span><\/a>\t<li class=\"menu-item menu-item-type-custom menu-item-object-custom menu-item-home menu-item-632\"><a href=\"https:\/\/blc-koenigsbronn.de\/#Ochsenberg\" class=\"wpr-sub-menu-item\"><span>Ochsenberg<\/span><\/a>\t<li class=\"menu-item menu-item-type-custom menu-item-object-custom menu-item-home menu-item-633\"><a href=\"https:\/\/blc-koenigsbronn.de\/#Zang\" class=\"wpr-sub-menu-item\"><span>Zang<\/span><\/a><\/ul>\n<\/li>\n<li class=\"menu-item menu-item-type-custom menu-item-object-custom menu-item-home menu-item-634\"><a href=\"https:\/\/blc-koenigsbronn.de\/#Themen\" class=\"wpr-menu-item wpr-pointer-item\"><span>Unsere Themen<\/span><\/a><\/li>\n<li class=\"menu-item menu-item-type-custom menu-item-object-custom menu-item-has-children menu-item-635\"><a href=\"#\" class=\"wpr-menu-item wpr-pointer-item\"><span>Sonstiges<\/span><i class=\"wpr-sub-icon fas\" aria-hidden=\"true\"><\/i><\/a>\n<ul  class=\"sub-menu wpr-sub-menu\">\n\t<li class=\"menu-item menu-item-type-post_type menu-item-object-page menu-item-638\"><a href=\"https:\/\/blc-koenigsbronn.de\/index.php\/kontaktforumlar\/\" class=\"wpr-sub-menu-item\"><span>Kontaktforumlar<\/span><\/a>\t<li class=\"menu-item menu-item-type-post_type menu-item-object-page menu-item-637\"><a href=\"https:\/\/blc-koenigsbronn.de\/index.php\/impressum\/\" class=\"wpr-sub-menu-item\"><span>Impressum<\/span><\/a>\t<li class=\"menu-item menu-item-type-post_type menu-item-object-page menu-item-privacy-policy menu-item-636\"><a href=\"https:\/\/blc-koenigsbronn.de\/index.php\/datenschutz\/\" class=\"wpr-sub-menu-item\"><span>Datenschutz<\/span><\/a><\/ul>\n<\/li>\n<\/ul><\/nav><nav class=\"wpr-mobile-nav-menu-container\"><div class=\"wpr-mobile-toggle-wrap\"><div class=\"wpr-mobile-toggle\"><span class=\"wpr-mobile-toggle-line\"><\/span><span class=\"wpr-mobile-toggle-line\"><\/span><span class=\"wpr-mobile-toggle-line\"><\/span><\/div><\/div><div class=\"wpr-mobile-mega-menu-wrap \" toggle-backface=\"\"><ul id=\"mobile-menu-2-eb33c2d\" class=\"wpr-mobile-nav-menu wpr-mobile-mega-menu\"><li class=\"menu-item menu-item-type-post_type menu-item-object-page menu-item-home menu-item-625\"><a href=\"https:\/\/blc-koenigsbronn.de\/\" class=\"wpr-mobile-menu-item\">Startseite<\/a><\/li>\n<li class=\"menu-item menu-item-type-custom menu-item-object-custom menu-item-has-children menu-item-626\"><a href=\"#\" class=\"wpr-mobile-menu-item\">Kandidaten<i class=\"wpr-mobile-sub-icon\"><\/i><\/a>\n<ul  class=\"sub-menu wpr-mobile-sub-menu\">\n\t<li class=\"menu-item menu-item-type-custom menu-item-object-custom menu-item-home menu-item-627\"><a href=\"https:\/\/blc-koenigsbronn.de\/#Koenigsbronn\" class=\"wpr-mobile-sub-menu-item\">K\u00f6nigsbronn<\/a>\t<li class=\"menu-item menu-item-type-custom menu-item-object-custom menu-item-home menu-item-631\"><a href=\"https:\/\/blc-koenigsbronn.de\/#Itzelberg\" class=\"wpr-mobile-sub-menu-item\">Itzelberg<\/a>\t<li class=\"menu-item menu-item-type-custom menu-item-object-custom menu-item-home menu-item-632\"><a href=\"https:\/\/blc-koenigsbronn.de\/#Ochsenberg\" class=\"wpr-mobile-sub-menu-item\">Ochsenberg<\/a>\t<li class=\"menu-item menu-item-type-custom menu-item-object-custom menu-item-home menu-item-633\"><a href=\"https:\/\/blc-koenigsbronn.de\/#Zang\" class=\"wpr-mobile-sub-menu-item\">Zang<\/a><\/ul>\n<\/li>\n<li class=\"menu-item menu-item-type-custom menu-item-object-custom menu-item-home menu-item-634\"><a href=\"https:\/\/blc-koenigsbronn.de\/#Themen\" class=\"wpr-mobile-menu-item\">Unsere Themen<\/a><\/li>\n<li class=\"menu-item menu-item-type-custom menu-item-object-custom menu-item-has-children menu-item-635\"><a href=\"#\" class=\"wpr-mobile-menu-item\">Sonstiges<i class=\"wpr-mobile-sub-icon\"><\/i><\/a>\n<ul  class=\"sub-menu wpr-mobile-sub-menu\">\n\t<li class=\"menu-item menu-item-type-post_type menu-item-object-page menu-item-638\"><a href=\"https:\/\/blc-koenigsbronn.de\/index.php\/kontaktforumlar\/\" class=\"wpr-mobile-sub-menu-item\">Kontaktforumlar<\/a>\t<li class=\"menu-item menu-item-type-post_type menu-item-object-page menu-item-637\"><a href=\"https:\/\/blc-koenigsbronn.de\/index.php\/impressum\/\" class=\"wpr-mobile-sub-menu-item\">Impressum<\/a>\t<li class=\"menu-item menu-item-type-post_type menu-item-object-page menu-item-privacy-policy menu-item-636\"><a href=\"https:\/\/blc-koenigsbronn.de\/index.php\/datenschutz\/\" class=\"wpr-mobile-sub-menu-item\">Datenschutz<\/a><\/ul>\n<\/li>\n<\/ul><\/div><\/nav>\t\t\t\t<\/div>\n\t\t\t\t<\/div>\n\t\t\t\t<\/div>\n\t\t\t\t\t<\/div>\n\t\t\t\t<\/div>\n\t\t<div class=\"elementor-element elementor-element-5c2af98 e-flex e-con-boxed wpr-particle-no wpr-jarallax-no wpr-parallax-no wpr-sticky-section-no e-con e-parent\" data-id=\"5c2af98\" data-element_type=\"container\" data-settings=\"{&quot;background_background&quot;:&quot;slideshow&quot;,&quot;background_slideshow_gallery&quot;:[{&quot;id&quot;:18,&quot;url&quot;:&quot;https:\\\/\\\/blc-koenigsbronn.de\\\/wp-content\\\/uploads\\\/2024\\\/03\\\/Rathaus.jpg&quot;}],&quot;background_slideshow_loop&quot;:&quot;yes&quot;,&quot;background_slideshow_slide_duration&quot;:5000,&quot;background_slideshow_slide_transition&quot;:&quot;fade&quot;,&quot;background_slideshow_transition_duration&quot;:500}\">\n\t\t\t\t\t<div class=\"e-con-inner\">\n\t\t\t\t<div class=\"elementor-element elementor-element-94c8510 elementor-widget elementor-widget-heading\" data-id=\"94c8510\" data-element_type=\"widget\" data-widget_type=\"heading.default\">\n\t\t\t\t<div class=\"elementor-widget-container\">\n\t\t\t\t\t<h1 class=\"elementor-heading-title elementor-size-default\">Ihre Anfrage an die B\u00fcrgerliche Liste und CDU K\u00f6nigsbronn<\/h1>\t\t\t\t<\/div>\n\t\t\t\t<\/div>\n\t\t\t\t\t<\/div>\n\t\t\t\t<\/div>\n\t\t<div class=\"elementor-element elementor-element-6baa309 e-flex e-con-boxed wpr-particle-no wpr-jarallax-no wpr-parallax-no wpr-sticky-section-no e-con e-parent\" data-id=\"6baa309\" data-element_type=\"container\">\n\t\t\t\t\t<div class=\"e-con-inner\">\n\t\t\t\t<div class=\"elementor-element elementor-element-1074a43 elementor-widget elementor-widget-shortcode\" data-id=\"1074a43\" data-element_type=\"widget\" data-widget_type=\"shortcode.default\">\n\t\t\t\t<div class=\"elementor-widget-container\">\n\t\t\t\t\t\t\t<div class=\"elementor-shortcode\"><style id=\"wpforms-css-vars-179\">\n\t\t\t\t#wpforms-179 {\n\t\t\t\t\n\t\t\t}\n\t\t\t<\/style><div class=\"wpforms-container wpforms-container-full wpforms-render-modern\" id=\"wpforms-179\"><form id=\"wpforms-form-179\" class=\"wpforms-validate wpforms-form wpforms-ajax-form\" data-formid=\"179\" method=\"post\" enctype=\"multipart\/form-data\" action=\"\/index.php\/wp-json\/wp\/v2\/pages\/191\" data-token=\"9cb61eb76405d1af21eab5cb48d43096\" data-token-time=\"1775856990\"><noscript class=\"wpforms-error-noscript\">Bitte aktiviere JavaScript in deinem Browser, um dieses Formular fertigzustellen.<\/noscript><div id=\"wpforms-error-noscript\" style=\"display: none;\">Bitte aktiviere JavaScript in deinem Browser, um dieses Formular fertigzustellen.<\/div><div class=\"wpforms-field-container\"><div id=\"wpforms-179-field_0-container\" class=\"wpforms-field wpforms-field-name\" data-field-id=\"0\"><fieldset><legend class=\"wpforms-field-label\">Name <span class=\"wpforms-required-label\" aria-hidden=\"true\">*<\/span><\/legend><div class=\"wpforms-field-row wpforms-field-medium\"><div class=\"wpforms-field-row-block wpforms-first wpforms-one-half\"><input type=\"text\" id=\"wpforms-179-field_0\" class=\"wpforms-field-name-first wpforms-field-required\" name=\"wpforms[fields][0][first]\" aria-errormessage=\"wpforms-179-field_0-error\" required><label for=\"wpforms-179-field_0\" class=\"wpforms-field-sublabel after\">Vorname<\/label><\/div><div class=\"wpforms-field-row-block wpforms-one-half\"><input type=\"text\" id=\"wpforms-179-field_0-last\" class=\"wpforms-field-name-last wpforms-field-required\" name=\"wpforms[fields][0][last]\" aria-errormessage=\"wpforms-179-field_0-last-error\" required><label for=\"wpforms-179-field_0-last\" class=\"wpforms-field-sublabel after\">Nachname<\/label><\/div><\/div><\/fieldset><\/div><div id=\"wpforms-179-field_1-container\" class=\"wpforms-field wpforms-field-email\" data-field-id=\"1\"><label class=\"wpforms-field-label\" for=\"wpforms-179-field_1\">E-Mail-Adresse <span class=\"wpforms-required-label\" aria-hidden=\"true\">*<\/span><\/label><input type=\"email\" id=\"wpforms-179-field_1\" class=\"wpforms-field-medium wpforms-field-required\" name=\"wpforms[fields][1]\" spellcheck=\"false\" aria-errormessage=\"wpforms-179-field_1-error\" required><\/div><div id=\"wpforms-179-field_2-container\" class=\"wpforms-field wpforms-field-textarea\" data-field-id=\"2\"><label class=\"wpforms-field-label\" for=\"wpforms-179-field_2\">Nachricht<\/label><textarea id=\"wpforms-179-field_2\" class=\"wpforms-field-medium\" name=\"wpforms[fields][2]\" aria-errormessage=\"wpforms-179-field_2-error\" ><\/textarea><\/div><\/div><!-- .wpforms-field-container --><div class=\"wpforms-recaptcha-container wpforms-is-recaptcha wpforms-is-recaptcha-type-v3\" ><input type=\"hidden\" name=\"wpforms[recaptcha]\" value=\"\"><\/div><div class=\"wpforms-submit-container\" ><input type=\"hidden\" name=\"wpforms[id]\" value=\"179\"><input type=\"hidden\" name=\"page_title\" value=\"\"><input type=\"hidden\" name=\"page_url\" value=\"https:\/\/blc-koenigsbronn.de\/index.php\/wp-json\/wp\/v2\/pages\/191\"><input type=\"hidden\" name=\"url_referer\" value=\"\"><button type=\"submit\" name=\"wpforms[submit]\" id=\"wpforms-submit-179\" class=\"wpforms-submit\" data-alt-text=\"Wird gesendet\u00a0\u2026\" data-submit-text=\"Absenden\" aria-live=\"assertive\" value=\"wpforms-submit\">Absenden<\/button><img decoding=\"async\" src=\"https:\/\/blc-koenigsbronn.de\/wp-content\/plugins\/wpforms-lite\/assets\/images\/submit-spin.svg\" class=\"wpforms-submit-spinner\" style=\"display: none;\" width=\"26\" height=\"26\" alt=\"Wird geladen\"><\/div><\/form><\/div>  <!-- .wpforms-container --><\/div>\n\t\t\t\t\t\t<\/div>\n\t\t\t\t<\/div>\n\t\t\t\t\t<\/div>\n\t\t\t\t<\/div>\n\t\t<div class=\"elementor-element elementor-element-0834530 e-flex e-con-boxed wpr-particle-no wpr-jarallax-no wpr-parallax-no wpr-sticky-section-no e-con e-parent\" data-id=\"0834530\" data-element_type=\"container\">\n\t\t\t\t\t<div class=\"e-con-inner\">\n\t\t\t\t<div class=\"elementor-element elementor-element-ec0e74b elementor-widget elementor-widget-spacer\" data-id=\"ec0e74b\" data-element_type=\"widget\" data-widget_type=\"spacer.default\">\n\t\t\t\t<div class=\"elementor-widget-container\">\n\t\t\t\t\t\t\t<div class=\"elementor-spacer\">\n\t\t\t<div class=\"elementor-spacer-inner\"><\/div>\n\t\t<\/div>\n\t\t\t\t\t\t<\/div>\n\t\t\t\t<\/div>\n\t\t\t\t\t<\/div>\n\t\t\t\t<\/div>\n\t\t<div class=\"elementor-element elementor-element-8b5a0b9 e-flex e-con-boxed wpr-particle-no wpr-jarallax-no wpr-parallax-no wpr-sticky-section-no e-con e-parent\" data-id=\"8b5a0b9\" data-element_type=\"container\" data-settings=\"{&quot;background_background&quot;:&quot;classic&quot;}\">\n\t\t\t\t\t<div class=\"e-con-inner\">\n\t\t<div class=\"elementor-element elementor-element-ff2b8f1 e-con-full e-flex wpr-particle-no wpr-jarallax-no wpr-parallax-no wpr-sticky-section-no e-con e-child\" data-id=\"ff2b8f1\" data-element_type=\"container\">\n\t\t\t\t<div class=\"elementor-element elementor-element-a4a313e elementor-widget elementor-widget-image\" data-id=\"a4a313e\" data-element_type=\"widget\" data-widget_type=\"image.default\">\n\t\t\t\t<div class=\"elementor-widget-container\">\n\t\t\t\t\t\t\t\t\t\t\t\t\t\t\t\t<a href=\"http:\/\/blc-koenigsbronn.de\">\n\t\t\t\t\t\t\t<img decoding=\"async\" width=\"300\" height=\"114\" src=\"https:\/\/blc-koenigsbronn.de\/wp-content\/uploads\/2024\/04\/blc_logo_hell-300x114.png\" class=\"attachment-medium size-medium wp-image-161\" alt=\"\" srcset=\"https:\/\/blc-koenigsbronn.de\/wp-content\/uploads\/2024\/04\/blc_logo_hell-300x114.png 300w, https:\/\/blc-koenigsbronn.de\/wp-content\/uploads\/2024\/04\/blc_logo_hell-1024x390.png 1024w, https:\/\/blc-koenigsbronn.de\/wp-content\/uploads\/2024\/04\/blc_logo_hell-768x292.png 768w, https:\/\/blc-koenigsbronn.de\/wp-content\/uploads\/2024\/04\/blc_logo_hell.png 1122w\" sizes=\"(max-width: 300px) 100vw, 300px\" \/>\t\t\t\t\t\t\t\t<\/a>\n\t\t\t\t\t\t\t\t\t\t\t\t\t\t\t<\/div>\n\t\t\t\t<\/div>\n\t\t\t\t<\/div>\n\t\t<div class=\"elementor-element elementor-element-1d3549d e-con-full e-flex wpr-particle-no wpr-jarallax-no wpr-parallax-no wpr-sticky-section-no e-con e-child\" data-id=\"1d3549d\" data-element_type=\"container\">\n\t\t\t\t<div class=\"elementor-element elementor-element-cbe379b elementor-widget elementor-widget-text-editor\" data-id=\"cbe379b\" data-element_type=\"widget\" data-widget_type=\"text-editor.default\">\n\t\t\t\t<div class=\"elementor-widget-container\">\n\t\t\t\t\t\t\t\t\t<p><a href=\"https:\/\/www.instagram.com\/blc_koenigsbronn\/\" target=\"_blank\" rel=\"noopener\">Instagram<\/a><br \/><a href=\"https:\/\/blc-koenigsbronn.de\/index.php\/kontaktforumlar\/\">Kontakt<\/a><br \/><a href=\"https:\/\/blc-koenigsbronn.de\/index.php\/impressum\/\">Impressum<\/a><br \/><a href=\"https:\/\/blc-koenigsbronn.de\/index.php\/datenschutz\/\">Datenschutz<\/a><\/p><p>Copyright \u00a9 2024<br \/>B\u00fcrgerliche Liste und CDU K\u00f6nigsbronn<\/p>\t\t\t\t\t\t\t\t<\/div>\n\t\t\t\t<\/div>\n\t\t\t\t<\/div>\n\t\t<div class=\"elementor-element elementor-element-9d85cb7 e-con-full e-flex wpr-particle-no wpr-jarallax-no wpr-parallax-no wpr-sticky-section-no e-con e-child\" data-id=\"9d85cb7\" data-element_type=\"container\">\n\t\t\t\t<div class=\"elementor-element elementor-element-2c5d2f0 elementor-widget elementor-widget-text-editor\" data-id=\"2c5d2f0\" data-element_type=\"widget\" data-widget_type=\"text-editor.default\">\n\t\t\t\t<div class=\"elementor-widget-container\">\n\t\t\t\t\t\t\t\t\t<p>Grundliegend auf die vereinfache Lesbarkeit unserer Beitr\u00e4ge, haben wir auf die Geschlechtertrennung verzichtet. Mit Kandidaten wollen wir sowohl weibliche als auch m\u00e4nnliche Personen gleichwertig benennen.<\/p>\t\t\t\t\t\t\t\t<\/div>\n\t\t\t\t<\/div>\n\t\t\t\t<\/div>\n\t\t\t\t\t<\/div>\n\t\t\t\t<\/div>\n\t\t\t\t<\/div>\n\t\t","protected":false},"excerpt":{"rendered":"<p>Startseite Kandidaten K\u00f6nigsbronn Itzelberg Ochsenberg Zang Unsere Themen Sonstiges Kontaktforumlar Impressum Datenschutz Startseite Kandidaten K\u00f6nigsbronn Itzelberg Ochsenberg Zang Unsere Themen Sonstiges Kontaktforumlar Impressum Datenschutz Ihre Anfrage an die B\u00fcrgerliche Liste und CDU K\u00f6nigsbronn InstagramKontaktImpressumDatenschutz Copyright \u00a9 2024B\u00fcrgerliche Liste und CDU K\u00f6nigsbronn Grundliegend auf die vereinfache Lesbarkeit unserer Beitr\u00e4ge, haben wir auf die Geschlechtertrennung verzichtet. Mit Kandidaten wollen wir sowohl weibliche als auch m\u00e4nnliche Personen gleichwertig benennen.<\/p>\n","protected":false},"author":1,"featured_media":0,"parent":0,"menu_order":0,"comment_status":"closed","ping_status":"closed","template":"elementor_canvas","meta":{"footnotes":""},"class_list":["post-191","page","type-page","status-publish","hentry"],"_links":{"self":[{"href":"https:\/\/blc-koenigsbronn.de\/index.php\/wp-json\/wp\/v2\/pages\/191","targetHints":{"allow":["GET"]}}],"collection":[{"href":"https:\/\/blc-koenigsbronn.de\/index.php\/wp-json\/wp\/v2\/pages"}],"about":[{"href":"https:\/\/blc-koenigsbronn.de\/index.php\/wp-json\/wp\/v2\/types\/page"}],"author":[{"embeddable":true,"href":"https:\/\/blc-koenigsbronn.de\/index.php\/wp-json\/wp\/v2\/users\/1"}],"replies":[{"embeddable":true,"href":"https:\/\/blc-koenigsbronn.de\/index.php\/wp-json\/wp\/v2\/comments?post=191"}],"version-history":[{"count":64,"href":"https:\/\/blc-koenigsbronn.de\/index.php\/wp-json\/wp\/v2\/pages\/191\/revisions"}],"predecessor-version":[{"id":685,"href":"https:\/\/blc-koenigsbronn.de\/index.php\/wp-json\/wp\/v2\/pages\/191\/revisions\/685"}],"wp:attachment":[{"href":"https:\/\/blc-koenigsbronn.de\/index.php\/wp-json\/wp\/v2\/media?parent=191"}],"curies":[{"name":"wp","href":"https:\/\/api.w.org\/{rel}","templated":true}]}}