{"id":307,"date":"2024-04-28T17:54:37","date_gmt":"2024-04-28T17:54:37","guid":{"rendered":"https:\/\/blc-koenigsbronn.de\/?page_id=307"},"modified":"2024-04-29T10:33:37","modified_gmt":"2024-04-29T10:33:37","slug":"impressum","status":"publish","type":"page","link":"https:\/\/blc-koenigsbronn.de\/index.php\/impressum\/","title":{"rendered":"Impressum"},"content":{"rendered":"\t\t<div data-elementor-type=\"wp-page\" data-elementor-id=\"307\" class=\"elementor elementor-307\">\n\t\t\t\t<div data-wpr-sticky-section=\"yes\" data-wpr-position-type=\"sticky\" data-wpr-position-offset=\"0\" data-wpr-position-location=\"top\" data-wpr-sticky-devices=\"tablet_sticky desktop_sticky\" data-wpr-custom-breakpoints=\"\" data-wpr-active-breakpoints=\"mobile_sticky tablet_sticky desktop_sticky\" data-wpr-z-index=\"5\" data-wpr-sticky-hide=\"\" data-wpr-replace-header=\"\" data-wpr-animation-duration=\"\" data-wpr-sticky-type=\"sticky\" class=\"elementor-element elementor-element-6150a62 wpr-sticky-section-yes e-flex e-con-boxed wpr-particle-no wpr-jarallax-no wpr-parallax-no e-con e-parent\" data-id=\"6150a62\" data-element_type=\"container\" data-settings=\"{&quot;background_background&quot;:&quot;classic&quot;,&quot;position_offset&quot;:0,&quot;position_offset_tablet&quot;:0,&quot;position_offset_mobile&quot;:0}\">\n\t\t\t\t\t<div class=\"e-con-inner\">\n\t\t<div class=\"elementor-element elementor-element-e37278b e-con-full e-flex wpr-particle-no wpr-jarallax-no wpr-parallax-no wpr-sticky-section-no e-con e-child\" data-id=\"e37278b\" data-element_type=\"container\">\n\t\t\t\t<div class=\"elementor-element elementor-element-2972d75 elementor-widget elementor-widget-image\" data-id=\"2972d75\" data-element_type=\"widget\" data-widget_type=\"image.default\">\n\t\t\t\t<div class=\"elementor-widget-container\">\n\t\t\t\t\t\t\t\t\t\t\t\t\t\t\t\t<a href=\"http:\/\/blc-koenigsbronn.de\">\n\t\t\t\t\t\t\t<img decoding=\"async\" width=\"300\" height=\"114\" src=\"https:\/\/blc-koenigsbronn.de\/wp-content\/uploads\/2024\/04\/blc_logo-300x114.png\" class=\"attachment-medium size-medium wp-image-160\" alt=\"\" srcset=\"https:\/\/blc-koenigsbronn.de\/wp-content\/uploads\/2024\/04\/blc_logo-300x114.png 300w, https:\/\/blc-koenigsbronn.de\/wp-content\/uploads\/2024\/04\/blc_logo-1024x390.png 1024w, https:\/\/blc-koenigsbronn.de\/wp-content\/uploads\/2024\/04\/blc_logo-768x292.png 768w, https:\/\/blc-koenigsbronn.de\/wp-content\/uploads\/2024\/04\/blc_logo.png 1122w\" sizes=\"(max-width: 300px) 100vw, 300px\" \/>\t\t\t\t\t\t\t\t<\/a>\n\t\t\t\t\t\t\t\t\t\t\t\t\t\t\t<\/div>\n\t\t\t\t<\/div>\n\t\t\t\t<\/div>\n\t\t<div class=\"elementor-element elementor-element-a65aaf8 e-con-full e-flex wpr-particle-no wpr-jarallax-no wpr-parallax-no wpr-sticky-section-no e-con e-child\" data-id=\"a65aaf8\" data-element_type=\"container\">\n\t\t\t\t<div class=\"elementor-element elementor-element-263206e wpr-main-menu-align-right wpr-main-menu-align--tabletright wpr-main-menu-align--mobilecenter wpr-nav-menu-bp-mobile wpr-pointer-underline wpr-pointer-line-fx wpr-pointer-fx-fade wpr-sub-icon-caret-down wpr-sub-menu-fx-fade wpr-mobile-menu-display-dropdown wpr-mobile-menu-full-width wpr-mobile-toggle-v1 wpr-sub-divider-yes wpr-mobile-divider-yes elementor-widget elementor-widget-wpr-mega-menu\" data-id=\"263206e\" data-element_type=\"widget\" data-settings=\"{&quot;menu_layout&quot;:&quot;horizontal&quot;}\" data-widget_type=\"wpr-mega-menu.default\">\n\t\t\t\t<div class=\"elementor-widget-container\">\n\t\t\t\t\t<nav class=\"wpr-nav-menu-container wpr-mega-menu-container wpr-nav-menu-horizontal\" data-trigger=\"hover\"><ul id=\"menu-1-263206e\" class=\"wpr-nav-menu wpr-mega-menu\"><li class=\"menu-item menu-item-type-post_type menu-item-object-page menu-item-home menu-item-625\"><a href=\"https:\/\/blc-koenigsbronn.de\/\" class=\"wpr-menu-item wpr-pointer-item\"><span>Startseite<\/span><\/a><\/li>\n<li class=\"menu-item menu-item-type-custom menu-item-object-custom menu-item-has-children menu-item-626\"><a href=\"#\" class=\"wpr-menu-item wpr-pointer-item\"><span>Kandidaten<\/span><i class=\"wpr-sub-icon fas\" aria-hidden=\"true\"><\/i><\/a>\n<ul  class=\"sub-menu wpr-sub-menu\">\n\t<li class=\"menu-item menu-item-type-custom menu-item-object-custom menu-item-home menu-item-627\"><a href=\"https:\/\/blc-koenigsbronn.de\/#Koenigsbronn\" class=\"wpr-sub-menu-item\"><span>K\u00f6nigsbronn<\/span><\/a>\t<li class=\"menu-item menu-item-type-custom menu-item-object-custom menu-item-home menu-item-631\"><a href=\"https:\/\/blc-koenigsbronn.de\/#Itzelberg\" class=\"wpr-sub-menu-item\"><span>Itzelberg<\/span><\/a>\t<li class=\"menu-item menu-item-type-custom menu-item-object-custom menu-item-home menu-item-632\"><a href=\"https:\/\/blc-koenigsbronn.de\/#Ochsenberg\" class=\"wpr-sub-menu-item\"><span>Ochsenberg<\/span><\/a>\t<li class=\"menu-item menu-item-type-custom menu-item-object-custom menu-item-home menu-item-633\"><a href=\"https:\/\/blc-koenigsbronn.de\/#Zang\" class=\"wpr-sub-menu-item\"><span>Zang<\/span><\/a><\/ul>\n<\/li>\n<li class=\"menu-item menu-item-type-custom menu-item-object-custom menu-item-home menu-item-634\"><a href=\"https:\/\/blc-koenigsbronn.de\/#Themen\" class=\"wpr-menu-item wpr-pointer-item\"><span>Unsere Themen<\/span><\/a><\/li>\n<li class=\"menu-item menu-item-type-custom menu-item-object-custom menu-item-has-children menu-item-635\"><a href=\"#\" class=\"wpr-menu-item wpr-pointer-item\"><span>Sonstiges<\/span><i class=\"wpr-sub-icon fas\" aria-hidden=\"true\"><\/i><\/a>\n<ul  class=\"sub-menu wpr-sub-menu\">\n\t<li class=\"menu-item menu-item-type-post_type menu-item-object-page menu-item-638\"><a href=\"https:\/\/blc-koenigsbronn.de\/index.php\/kontaktforumlar\/\" class=\"wpr-sub-menu-item\"><span>Kontaktforumlar<\/span><\/a>\t<li class=\"menu-item menu-item-type-post_type menu-item-object-page menu-item-637\"><a href=\"https:\/\/blc-koenigsbronn.de\/index.php\/impressum\/\" class=\"wpr-sub-menu-item\"><span>Impressum<\/span><\/a>\t<li class=\"menu-item menu-item-type-post_type menu-item-object-page menu-item-privacy-policy menu-item-636\"><a href=\"https:\/\/blc-koenigsbronn.de\/index.php\/datenschutz\/\" class=\"wpr-sub-menu-item\"><span>Datenschutz<\/span><\/a><\/ul>\n<\/li>\n<\/ul><\/nav><nav class=\"wpr-mobile-nav-menu-container\"><div class=\"wpr-mobile-toggle-wrap\"><div class=\"wpr-mobile-toggle\"><span class=\"wpr-mobile-toggle-line\"><\/span><span class=\"wpr-mobile-toggle-line\"><\/span><span class=\"wpr-mobile-toggle-line\"><\/span><\/div><\/div><div class=\"wpr-mobile-mega-menu-wrap \" toggle-backface=\"\"><ul id=\"mobile-menu-2-263206e\" class=\"wpr-mobile-nav-menu wpr-mobile-mega-menu\"><li class=\"menu-item menu-item-type-post_type menu-item-object-page menu-item-home menu-item-625\"><a href=\"https:\/\/blc-koenigsbronn.de\/\" class=\"wpr-mobile-menu-item\">Startseite<\/a><\/li>\n<li class=\"menu-item menu-item-type-custom menu-item-object-custom menu-item-has-children menu-item-626\"><a href=\"#\" class=\"wpr-mobile-menu-item\">Kandidaten<i class=\"wpr-mobile-sub-icon\"><\/i><\/a>\n<ul  class=\"sub-menu wpr-mobile-sub-menu\">\n\t<li class=\"menu-item menu-item-type-custom menu-item-object-custom menu-item-home menu-item-627\"><a href=\"https:\/\/blc-koenigsbronn.de\/#Koenigsbronn\" class=\"wpr-mobile-sub-menu-item\">K\u00f6nigsbronn<\/a>\t<li class=\"menu-item menu-item-type-custom menu-item-object-custom menu-item-home menu-item-631\"><a href=\"https:\/\/blc-koenigsbronn.de\/#Itzelberg\" class=\"wpr-mobile-sub-menu-item\">Itzelberg<\/a>\t<li class=\"menu-item menu-item-type-custom menu-item-object-custom menu-item-home menu-item-632\"><a href=\"https:\/\/blc-koenigsbronn.de\/#Ochsenberg\" class=\"wpr-mobile-sub-menu-item\">Ochsenberg<\/a>\t<li class=\"menu-item menu-item-type-custom menu-item-object-custom menu-item-home menu-item-633\"><a href=\"https:\/\/blc-koenigsbronn.de\/#Zang\" class=\"wpr-mobile-sub-menu-item\">Zang<\/a><\/ul>\n<\/li>\n<li class=\"menu-item menu-item-type-custom menu-item-object-custom menu-item-home menu-item-634\"><a href=\"https:\/\/blc-koenigsbronn.de\/#Themen\" class=\"wpr-mobile-menu-item\">Unsere Themen<\/a><\/li>\n<li class=\"menu-item menu-item-type-custom menu-item-object-custom menu-item-has-children menu-item-635\"><a href=\"#\" class=\"wpr-mobile-menu-item\">Sonstiges<i class=\"wpr-mobile-sub-icon\"><\/i><\/a>\n<ul  class=\"sub-menu wpr-mobile-sub-menu\">\n\t<li class=\"menu-item menu-item-type-post_type menu-item-object-page menu-item-638\"><a href=\"https:\/\/blc-koenigsbronn.de\/index.php\/kontaktforumlar\/\" class=\"wpr-mobile-sub-menu-item\">Kontaktforumlar<\/a>\t<li class=\"menu-item menu-item-type-post_type menu-item-object-page menu-item-637\"><a href=\"https:\/\/blc-koenigsbronn.de\/index.php\/impressum\/\" class=\"wpr-mobile-sub-menu-item\">Impressum<\/a>\t<li class=\"menu-item menu-item-type-post_type menu-item-object-page menu-item-privacy-policy menu-item-636\"><a href=\"https:\/\/blc-koenigsbronn.de\/index.php\/datenschutz\/\" class=\"wpr-mobile-sub-menu-item\">Datenschutz<\/a><\/ul>\n<\/li>\n<\/ul><\/div><\/nav>\t\t\t\t<\/div>\n\t\t\t\t<\/div>\n\t\t\t\t<\/div>\n\t\t\t\t\t<\/div>\n\t\t\t\t<\/div>\n\t\t<div class=\"elementor-element elementor-element-0d7d82f e-flex e-con-boxed wpr-particle-no wpr-jarallax-no wpr-parallax-no wpr-sticky-section-no e-con e-parent\" data-id=\"0d7d82f\" data-element_type=\"container\" data-settings=\"{&quot;background_background&quot;:&quot;slideshow&quot;,&quot;background_slideshow_gallery&quot;:[{&quot;id&quot;:18,&quot;url&quot;:&quot;https:\\\/\\\/blc-koenigsbronn.de\\\/wp-content\\\/uploads\\\/2024\\\/03\\\/Rathaus.jpg&quot;}],&quot;background_slideshow_loop&quot;:&quot;yes&quot;,&quot;background_slideshow_slide_duration&quot;:5000,&quot;background_slideshow_slide_transition&quot;:&quot;fade&quot;,&quot;background_slideshow_transition_duration&quot;:500}\">\n\t\t\t\t\t<div class=\"e-con-inner\">\n\t\t\t\t<div class=\"elementor-element elementor-element-821eed2 elementor-widget elementor-widget-heading\" data-id=\"821eed2\" data-element_type=\"widget\" data-widget_type=\"heading.default\">\n\t\t\t\t<div class=\"elementor-widget-container\">\n\t\t\t\t\t<h1 class=\"elementor-heading-title elementor-size-default\">Willkommen bei der B\u00fcrgerliche Liste und CDU K\u00f6nigsbronn<\/h1>\t\t\t\t<\/div>\n\t\t\t\t<\/div>\n\t\t\t\t\t<\/div>\n\t\t\t\t<\/div>\n\t\t<div class=\"elementor-element elementor-element-effcc45 e-flex e-con-boxed wpr-particle-no wpr-jarallax-no wpr-parallax-no wpr-sticky-section-no e-con e-parent\" data-id=\"effcc45\" data-element_type=\"container\">\n\t\t\t\t\t<div class=\"e-con-inner\">\n\t\t\t\t<div class=\"elementor-element elementor-element-b7171c1 elementor-widget elementor-widget-text-editor\" data-id=\"b7171c1\" data-element_type=\"widget\" data-widget_type=\"text-editor.default\">\n\t\t\t\t<div class=\"elementor-widget-container\">\n\t\t\t\t\t\t\t\t\t<p><strong>Impressum<\/strong><\/p><p>B\u00fcrgerliche Liste und CDU K\u00f6nigsbronn<br \/>Gries\u00e4ckerstra\u00dfe 22<br \/>89551 Itzelberg<\/p><p>Ansprechpartner: J\u00f6rg Esslinger<\/p><p><strong>Kontakt<\/strong><\/p><p>Telefon: 0177 48 42 639<br \/>E-Mail: info@blc-koenigsbronn.de<\/p><p><strong>Verbraucherstreitbeilegung\/Universalschlichtungsstelle<\/strong><\/p><p>Wir sind nicht bereit oder verpflichtet, an Streitbeilegungsverfahren vor einer<br \/>Verbraucherschlichtungsstelle teilzunehmen.<\/p><p><strong>Quelle:<\/strong><\/p><p>https:\/\/www.e-recht24.de<\/p>\t\t\t\t\t\t\t\t<\/div>\n\t\t\t\t<\/div>\n\t\t\t\t\t<\/div>\n\t\t\t\t<\/div>\n\t\t<div class=\"elementor-element elementor-element-b65ba4b e-flex e-con-boxed wpr-particle-no wpr-jarallax-no wpr-parallax-no wpr-sticky-section-no e-con e-parent\" data-id=\"b65ba4b\" data-element_type=\"container\">\n\t\t\t\t\t<div class=\"e-con-inner\">\n\t\t\t\t<div class=\"elementor-element elementor-element-5ed7eb0 elementor-widget elementor-widget-spacer\" data-id=\"5ed7eb0\" data-element_type=\"widget\" data-widget_type=\"spacer.default\">\n\t\t\t\t<div class=\"elementor-widget-container\">\n\t\t\t\t\t\t\t<div class=\"elementor-spacer\">\n\t\t\t<div class=\"elementor-spacer-inner\"><\/div>\n\t\t<\/div>\n\t\t\t\t\t\t<\/div>\n\t\t\t\t<\/div>\n\t\t\t\t\t<\/div>\n\t\t\t\t<\/div>\n\t\t<div class=\"elementor-element elementor-element-a0bf4c4 e-flex e-con-boxed wpr-particle-no wpr-jarallax-no wpr-parallax-no wpr-sticky-section-no e-con e-parent\" data-id=\"a0bf4c4\" data-element_type=\"container\" data-settings=\"{&quot;background_background&quot;:&quot;classic&quot;}\">\n\t\t\t\t\t<div class=\"e-con-inner\">\n\t\t<div class=\"elementor-element elementor-element-d2ad30e e-con-full e-flex wpr-particle-no wpr-jarallax-no wpr-parallax-no wpr-sticky-section-no e-con e-child\" data-id=\"d2ad30e\" data-element_type=\"container\">\n\t\t\t\t<div class=\"elementor-element elementor-element-1083554 elementor-widget elementor-widget-image\" data-id=\"1083554\" data-element_type=\"widget\" data-widget_type=\"image.default\">\n\t\t\t\t<div class=\"elementor-widget-container\">\n\t\t\t\t\t\t\t\t\t\t\t\t\t\t\t\t<a href=\"http:\/\/blc-koenigsbronn.de\">\n\t\t\t\t\t\t\t<img decoding=\"async\" width=\"300\" height=\"114\" src=\"https:\/\/blc-koenigsbronn.de\/wp-content\/uploads\/2024\/04\/blc_logo_hell-300x114.png\" class=\"attachment-medium size-medium wp-image-161\" alt=\"\" srcset=\"https:\/\/blc-koenigsbronn.de\/wp-content\/uploads\/2024\/04\/blc_logo_hell-300x114.png 300w, https:\/\/blc-koenigsbronn.de\/wp-content\/uploads\/2024\/04\/blc_logo_hell-1024x390.png 1024w, https:\/\/blc-koenigsbronn.de\/wp-content\/uploads\/2024\/04\/blc_logo_hell-768x292.png 768w, https:\/\/blc-koenigsbronn.de\/wp-content\/uploads\/2024\/04\/blc_logo_hell.png 1122w\" sizes=\"(max-width: 300px) 100vw, 300px\" \/>\t\t\t\t\t\t\t\t<\/a>\n\t\t\t\t\t\t\t\t\t\t\t\t\t\t\t<\/div>\n\t\t\t\t<\/div>\n\t\t\t\t<\/div>\n\t\t<div class=\"elementor-element elementor-element-e53a434 e-con-full e-flex wpr-particle-no wpr-jarallax-no wpr-parallax-no wpr-sticky-section-no e-con e-child\" data-id=\"e53a434\" data-element_type=\"container\">\n\t\t\t\t<div class=\"elementor-element elementor-element-799bf9e elementor-widget elementor-widget-text-editor\" data-id=\"799bf9e\" data-element_type=\"widget\" data-widget_type=\"text-editor.default\">\n\t\t\t\t<div class=\"elementor-widget-container\">\n\t\t\t\t\t\t\t\t\t<p><a href=\"https:\/\/www.instagram.com\/blc_koenigsbronn\/\" target=\"_blank\" rel=\"noopener\">Instagram<\/a><br \/><a href=\"https:\/\/blc-koenigsbronn.de\/index.php\/kontaktforumlar\/\">Kontakt<\/a><br \/><a href=\"https:\/\/blc-koenigsbronn.de\/index.php\/impressum\/\">Impressum<\/a><br \/><a href=\"https:\/\/blc-koenigsbronn.de\/index.php\/datenschutz\/\">Datenschutz<\/a><\/p><p>Copyright \u00a9 2024<br \/>B\u00fcrgerliche Liste und CDU K\u00f6nigsbronn<\/p>\t\t\t\t\t\t\t\t<\/div>\n\t\t\t\t<\/div>\n\t\t\t\t<\/div>\n\t\t<div class=\"elementor-element elementor-element-f303c79 e-con-full e-flex wpr-particle-no wpr-jarallax-no wpr-parallax-no wpr-sticky-section-no e-con e-child\" data-id=\"f303c79\" data-element_type=\"container\">\n\t\t\t\t<div class=\"elementor-element elementor-element-a9367b9 elementor-widget elementor-widget-text-editor\" data-id=\"a9367b9\" data-element_type=\"widget\" data-widget_type=\"text-editor.default\">\n\t\t\t\t<div class=\"elementor-widget-container\">\n\t\t\t\t\t\t\t\t\t<p>Grundliegend auf die vereinfache Lesbarkeit unserer Beitr\u00e4ge, haben wir auf die Geschlechtertrennung verzichtet. Mit Kandidaten wollen wir sowohl weibliche als auch m\u00e4nnliche Personen gleichwertig benennen.<\/p>\t\t\t\t\t\t\t\t<\/div>\n\t\t\t\t<\/div>\n\t\t\t\t<\/div>\n\t\t\t\t\t<\/div>\n\t\t\t\t<\/div>\n\t\t\t\t<\/div>\n\t\t","protected":false},"excerpt":{"rendered":"<p>Startseite Kandidaten K\u00f6nigsbronn Itzelberg Ochsenberg Zang Unsere Themen Sonstiges Kontaktforumlar Impressum Datenschutz Startseite Kandidaten K\u00f6nigsbronn Itzelberg Ochsenberg Zang Unsere Themen Sonstiges Kontaktforumlar Impressum Datenschutz Willkommen bei der B\u00fcrgerliche Liste und CDU K\u00f6nigsbronn Impressum B\u00fcrgerliche Liste und CDU K\u00f6nigsbronnGries\u00e4ckerstra\u00dfe 2289551 Itzelberg Ansprechpartner: J\u00f6rg Esslinger Kontakt Telefon: 0177 48 42 639E-Mail: info@blc-koenigsbronn.de Verbraucherstreitbeilegung\/Universalschlichtungsstelle Wir sind nicht bereit oder verpflichtet, an Streitbeilegungsverfahren vor einerVerbraucherschlichtungsstelle teilzunehmen. Quelle: https:\/\/www.e-recht24.de InstagramKontaktImpressumDatenschutz Copyright \u00a9 2024B\u00fcrgerliche Liste und CDU K\u00f6nigsbronn Grundliegend auf die vereinfache Lesbarkeit unserer Beitr\u00e4ge, haben wir auf die Geschlechtertrennung verzichtet. Mit Kandidaten wollen wir sowohl weibliche als auch m\u00e4nnliche Personen gleichwertig benennen.<\/p>\n","protected":false},"author":1,"featured_media":0,"parent":0,"menu_order":0,"comment_status":"closed","ping_status":"closed","template":"elementor_canvas","meta":{"footnotes":""},"class_list":["post-307","page","type-page","status-publish","hentry"],"_links":{"self":[{"href":"https:\/\/blc-koenigsbronn.de\/index.php\/wp-json\/wp\/v2\/pages\/307","targetHints":{"allow":["GET"]}}],"collection":[{"href":"https:\/\/blc-koenigsbronn.de\/index.php\/wp-json\/wp\/v2\/pages"}],"about":[{"href":"https:\/\/blc-koenigsbronn.de\/index.php\/wp-json\/wp\/v2\/types\/page"}],"author":[{"embeddable":true,"href":"https:\/\/blc-koenigsbronn.de\/index.php\/wp-json\/wp\/v2\/users\/1"}],"replies":[{"embeddable":true,"href":"https:\/\/blc-koenigsbronn.de\/index.php\/wp-json\/wp\/v2\/comments?post=307"}],"version-history":[{"count":64,"href":"https:\/\/blc-koenigsbronn.de\/index.php\/wp-json\/wp\/v2\/pages\/307\/revisions"}],"predecessor-version":[{"id":676,"href":"https:\/\/blc-koenigsbronn.de\/index.php\/wp-json\/wp\/v2\/pages\/307\/revisions\/676"}],"wp:attachment":[{"href":"https:\/\/blc-koenigsbronn.de\/index.php\/wp-json\/wp\/v2\/media?parent=307"}],"curies":[{"name":"wp","href":"https:\/\/api.w.org\/{rel}","templated":true}]}}